 52 and 1924.
52
What is the highest common factor of 38 and 4864?
38
What is the highest common factor of 56 and 679?
7
Calculate the greatest common divisor of 44 and 3.
1
Calculate the greatest common divisor of 10 and 790.
10
What is the greatest common factor of 2489 and 131?
131
What is the highest common divisor of 1290 and 6?
6
Calculate the highest common divisor of 12 and 152.
4
Calculate the highest common factor of 7680 and 15.
15
Calculate the greatest common factor of 280 and 120.
40
What is the greatest common factor of 105 and 2905?
35
What is the highest common factor of 672 and 231?
21
What is the highest common divisor of 8 and 8?
8
What is the greatest common divisor of 1661 and 22?
11
Calculate the highest common divisor of 4880 and 16.
16
What is the highest common factor of 118 and 1888?
118
Calculate the greatest common divisor of 144 and 128.
16
Calculate the highest common divisor of 1134 and 1782.
162
What is the highest common factor of 248 and 4216?
248
What is the highest common factor of 729 and 567?
81
What is the greatest common factor of 1055 and 10?
5
What is the greatest common factor of 324 and 2520?
36
Calculate the greatest common factor of 315 and 150.
15
What is the greatest common divisor of 3051 and 27?
27
What is the highest common factor of 57 and 247?
19
Calculate the highest common divisor of 191 and 16.
1
Calculate the greatest common divisor of 5 and 40.
5
What is the highest common factor of 18 and 5454?
18
Calculate the greatest common factor of 1539 and 567.
81
What is the highest common factor of 3145 and 935?
85
Calculate the highest common divisor of 53 and 3339.
53
What is the highest common divisor of 2 and 376?
2
Calculate the highest common factor of 22 and 682.
22
What is the highest common divisor of 38 and 38?
38
What is the highest common factor of 5947 and 19?
19
Calculate the greatest common divisor of 24 and 45.
3
Calculate the greatest common divisor of 133 and 2774.
19
What is the greatest common factor of 110 and 22?
22
What is the highest common divisor of 310 and 4898?
62
Calculate the greatest common factor of 36 and 1044.
36
Calculate the highest common factor of 24 and 40.
8
What is the greatest common divisor of 30 and 470?
10
Calculate the greatest common divisor of 1595 and 377.
29
What is the greatest common factor of 25 and 405?
5
Calculate the highest common divisor of 26 and 52.
26
What is the greatest common factor of 36 and 207?
9
Calculate the greatest common divisor of 17 and 135167.
17
Calculate the highest common divisor of 475 and 1159.
19
Calculate the highest common factor of 527 and 31.
31
What is the greatest common factor of 167 and 8851?
167
What is the highest common divisor of 10 and 25?
5
What is the highest common factor of 90 and 24210?
90
Calculate the highest common factor of 416 and 48.
16
What is the highest common divisor of 29 and 1769?
29
What is the greatest common factor of 23111 and 191?
191
Calculate the highest common divisor of 29 and 1943.
29
What is the highest common factor of 2 and 161?
1
What is the greatest common factor of 11 and 2?
1
Calculate the greatest common factor of 31911 and 33.
33
Calculate the highest common factor of 25 and 14225.
25
What is the greatest common factor of 232 and 5191?
29
What is the greatest common divisor of 3504 and 112?
16
Calculate the greatest common factor of 49 and 8.
1
Calculate the greatest common factor of 4040 and 160.
40
Calculate the highest common factor of 16 and 20.
4
What is the highest common divisor of 4 and 12?
4
What is the greatest common factor of 244 and 915?
61
What is the greatest common factor of 8169 and 35?
7
What is the highest common factor of 13 and 793?
13
What is the greatest common factor of 2116 and 736?
92
What is the highest common factor of 72 and 1128?
24
Calculate the highest common divisor of 4104 and 36.
36
Calculate the highest common factor of 320 and 64.
64
What is the highest common factor of 11234 and 328?
82
Calculate the greatest common factor of 15 and 6.
3
What is the highest common divisor of 959 and 7?
7
What is the highest common divisor of 1 and 538?
1
What is the greatest common factor of 836 and 77?
11
What is the greatest common factor of 112 and 14952?
56
What is the highest common divisor of 75 and 650?
25
Calculate the highest common divisor of 261 and 2001.
87
Calculate the highest common factor of 17 and 1411.
17
Calculate the highest common factor of 66 and 30.
6
Calculate the highest common factor of 97 and 121153.
97
What is the greatest common divisor of 196 and 8330?
98
What is the greatest common divisor of 238 and 14?
14
What is the highest common divisor of 212 and 31058?
106
What is the highest common factor of 43 and 5?
1
What is the highest common factor of 9339 and 22?
11
What is the greatest common factor of 28 and 49?
7
Calculate the highest common divisor of 45122 and 154.
154
What is the greatest common factor of 8399 and 37?
37
Calculate the highest common divisor of 1357 and 59.
59
Calculate the greatest common divisor of 1755 and 234.
117
What is the highest common factor of 203 and 58?
29
Calculate the highest common factor of 80 and 12.
4
What is the greatest common divisor of 1790 and 30?
10
Calculate the highest common factor of 22 and 8.
2
What is the greatest common divisor of 10525 and 75?
25
Calculate the greatest common factor of 195 and 2985.
15
What is the greatest common factor of 83 and 17098?
83
Calculate the highest common divisor of 25 and 60.
5
Calculate the highest common divisor of 913 and 44.
11
What is the highest common divisor of 408 and 918?
102
Calculate the highest common divisor of 828 and 2576.
92
Calculate the highest common factor of 228 and 95.
19
What is the greatest common factor of 480 and 128?
32
Calculate the greatest common factor of 4990 and 60.
10
What is the greatest common divisor of 92 and 4853?
23
What is the greatest common factor of 30 and 255?
15
What is the greatest common factor of 65 and 20?
5
What is the highest common divisor of 3002 and 38?
38
What is the greatest common divisor of 85 and 6970?
85
What is the greatest common factor of 87 and 203?
29
Calculate the greatest common factor of 53 and 5459.
53
Calculate the greatest common divisor of 1134 and 18.
18
Calculate the greatest common factor of 124 and 6944.
124
What is the greatest common factor of 133 and 2527?
133
Calculate the greatest common factor of 2 and 398.
2
Calculate the greatest common divisor of 147 and 1533.
21
Calculate the greatest common factor of 115 and 46.
23
Calculate the greatest common factor of 44 and 18.
2
Calculate the greatest common factor of 377 and 58.
29
What is the greatest common divisor of 196 and 32?
4
Calculate the greatest common divisor of 73 and 949.
73
What is the highest common factor of 12 and 174?
6
What is the greatest common divisor of 8 and 92?
4
Calculate the greatest common factor of 32 and 74656.
32
What is the highest common divisor of 12098 and 368?
46
Calculate the highest common divisor of 285 and 240.
15
What is the highest common divisor of 88 and 242?
22
What is the greatest common divisor of 3791 and 17?
17
Calculate the highest common divisor of 43 and 5977.
43
What is the highest common factor of 388 and 32?
4
What is the greatest common factor of 377 and 58?
29
What is the greatest common factor of 115 and 46?
23
Calculate the greatest common divisor of 22 and 3707.
11
What is the highest common factor of 2 and 96?
2
Calculate the highest common divisor of 550 and 99.
11
What is the highest common factor of 19 and 171?
19
What is the greatest common factor of 112 and 336?
112
What is the highest common factor of 291 and 18?
3
Calculate the greatest common divisor of 2 and 46.
2
Calculate the highest common factor of 875 and 2000.
125
Calculate the highest common factor of 1440 and 315.
45
What is the highest common divisor of 73 and 4015?
73
Calculate the highest common factor of 3857 and 406.
203
What is the highest common factor of 34 and 986?
34
What is the greatest common divisor of 20 and 940?
20
Calculate the highest common divisor of 720 and 144.
144
What is the greatest common factor of 18 and 3114?
18
Calculate the highest common factor 